{"id":58,"date":"2020-04-07T02:04:28","date_gmt":"2020-04-07T00:04:28","guid":{"rendered":"https:\/\/www.kmetijaflis.si\/mlecni-izdelki\/izdelek\/navadni-tekoci-jogurt-brez-laktoze\/"},"modified":"2023-11-18T11:50:50","modified_gmt":"2023-11-18T10:50:50","slug":"navadni-tekoci-jogurt-brez-laktoze","status":"publish","type":"product","link":"https:\/\/www.kmetijaflis.si\/mlecni-izdelki\/izdelek\/navadni-tekoci-jogurt-brez-laktoze\/","title":{"rendered":"Navadni teko\u010di jogurt brez laktoze"},"content":{"rendered":"<p>Teko\u010di jogurt bogatega kremnega okusa zelo dobro vpliva na na\u0161e po\u010dutje in zdravje zaradi visokih vsebnosti beljakovin, kalcija in vitamina B. Ne\u017eno in prijetno strukturo mu zagotavlja skrbna priprava iz doma\u010dega polnomastnega mleka. Zdrava in okusna malica kjerkoli zaradi priro\u010dne plastenke.<\/p>\n","protected":false},"excerpt":{"rendered":"<p>Teko\u010di jogurt izdelan iz polnomastnega pasteriziranega mleka polnjen v 250 ml plastenke.<\/p>\n","protected":false},"featured_media":59,"template":"","meta":{"_acf_changed":false,"_genesis_hide_title":false,"_genesis_hide_breadcrumbs":false,"_genesis_hide_singular_image":false,"_genesis_hide_footer_widgets":false,"_genesis_custom_body_class":"","_genesis_custom_post_class":"","_genesis_layout":""},"product_cat":[20,16],"product_tag":[],"acf":[],"_links":{"self":[{"href":"https:\/\/www.kmetijaflis.si\/mlecni-izdelki\/wp-json\/wp\/v2\/product\/58"}],"collection":[{"href":"https:\/\/www.kmetijaflis.si\/mlecni-izdelki\/wp-json\/wp\/v2\/product"}],"about":[{"href":"https:\/\/www.kmetijaflis.si\/mlecni-izdelki\/wp-json\/wp\/v2\/types\/product"}],"wp:featuredmedia":[{"embeddable":true,"href":"https:\/\/www.kmetijaflis.si\/mlecni-izdelki\/wp-json\/wp\/v2\/media\/59"}],"wp:attachment":[{"href":"https:\/\/www.kmetijaflis.si\/mlecni-izdelki\/wp-json\/wp\/v2\/media?parent=58"}],"wp:term":[{"taxonomy":"product_cat","embeddable":true,"href":"https:\/\/www.kmetijaflis.si\/mlecni-izdelki\/wp-json\/wp\/v2\/product_cat?post=58"},{"taxonomy":"product_tag","embeddable":true,"href":"https:\/\/www.kmetijaflis.si\/mlecni-izdelki\/wp-json\/wp\/v2\/product_tag?post=58"}],"curies":[{"name":"wp","href":"https:\/\/api.w.org\/{rel}","templated":true}]}}