{"id":118,"date":"2020-04-07T02:33:43","date_gmt":"2020-04-07T00:33:43","guid":{"rendered":"https:\/\/www.kmetijaflis.si\/mlecni-izdelki\/izdelek\/mladi-navadni-in-zeliscni-sir\/"},"modified":"2023-11-18T11:52:47","modified_gmt":"2023-11-18T10:52:47","slug":"mladi-navadni-in-zeliscni-sir","status":"publish","type":"product","link":"https:\/\/www.kmetijaflis.si\/mlecni-izdelki\/izdelek\/mladi-navadni-in-zeliscni-sir\/","title":{"rendered":"Mladi navadni in zeli\u0161\u010dni sir"},"content":{"rendered":"<p>Ker mladi sir ne zori ohrani ne\u017eno mle\u010dno aromo in mehko, vendar \u0161e vedno dovolj trdno strukturo, ki popestri vsak obrok pa naj bo to v solati ali kot priloga. Izbirate pa lahko med razli\u010dnimi mladimi siri z zeli\u0161\u010di, ki dodajo siru osve\u017eilno aromo:\u00a0kopriva, paprika, poper\u00a0in\u00a0\u010dili.<\/p>\n","protected":false},"excerpt":{"rendered":"<p>Navadni mladi sir ali z dodatkom zeli\u0161\u010d (kopriva, paprika, poper in \u010dili) nas o\u010dara s svojim razko\u0161nim okusom, pripravljen iz pasteriziranega polnomastnega mleka pakiran v hleb\u010dkih 200 g.<\/p>\n","protected":false},"featured_media":119,"template":"","meta":{"_acf_changed":false,"_genesis_hide_title":false,"_genesis_hide_breadcrumbs":false,"_genesis_hide_singular_image":false,"_genesis_hide_footer_widgets":false,"_genesis_custom_body_class":"","_genesis_custom_post_class":"","_genesis_layout":""},"product_cat":[16,21],"product_tag":[],"acf":[],"_links":{"self":[{"href":"https:\/\/www.kmetijaflis.si\/mlecni-izdelki\/wp-json\/wp\/v2\/product\/118"}],"collection":[{"href":"https:\/\/www.kmetijaflis.si\/mlecni-izdelki\/wp-json\/wp\/v2\/product"}],"about":[{"href":"https:\/\/www.kmetijaflis.si\/mlecni-izdelki\/wp-json\/wp\/v2\/types\/product"}],"wp:featuredmedia":[{"embeddable":true,"href":"https:\/\/www.kmetijaflis.si\/mlecni-izdelki\/wp-json\/wp\/v2\/media\/119"}],"wp:attachment":[{"href":"https:\/\/www.kmetijaflis.si\/mlecni-izdelki\/wp-json\/wp\/v2\/media?parent=118"}],"wp:term":[{"taxonomy":"product_cat","embeddable":true,"href":"https:\/\/www.kmetijaflis.si\/mlecni-izdelki\/wp-json\/wp\/v2\/product_cat?post=118"},{"taxonomy":"product_tag","embeddable":true,"href":"https:\/\/www.kmetijaflis.si\/mlecni-izdelki\/wp-json\/wp\/v2\/product_tag?post=118"}],"curies":[{"name":"wp","href":"https:\/\/api.w.org\/{rel}","templated":true}]}}